{"id":622,"date":"2022-02-24T11:40:20","date_gmt":"2023-02-22T11:18:47","guid":{"rendered":"https:\/\/www.oliferm.com\/producte\/bodeferm-geroestete-mandeln-350gr\/"},"modified":"2025-05-29T10:00:33","modified_gmt":"2025-05-29T10:00:33","slug":"mandeln-gerostet-bodeferm-350gr","status":"publish","type":"product","link":"https:\/\/www.oliferm.com\/de\/producte\/mandeln-gerostet-bodeferm-350gr\/","title":{"rendered":"Ger\u00f6stete Mandeln 500gr"},"content":{"rendered":"<article class=\"text-token-text-primary w-full\" dir=\"auto\" data-testid=\"conversation-turn-80\" data-scroll-anchor=\"true\">\n<h6 class=\"sr-only\">ChatGPT Plus<\/h6>\n<div class=\"text-base my-auto mx-auto py-5 [--thread-content-margin:--spacing(4)] @[37rem]:[--thread-content-margin:--spacing(6)] @[72rem]:[--thread-content-margin:--spacing(16)] px-(--thread-content-margin)\">\n<div class=\"[--thread-content-max-width:32rem] @[34rem]:[--thread-content-max-width:40rem] @[64rem]:[--thread-content-max-width:48rem] mx-auto flex max-w-(--thread-content-max-width) flex-1 text-base gap-4 md:gap-5 lg:gap-6 group\/turn-messages focus-visible:outline-hidden\" tabindex=\"-1\">\n<div class=\"group\/conversation-turn relative flex w-full min-w-0 flex-col agent-turn\">\n<div class=\"relative flex-col gap-1 md:gap-3\">\n<div class=\"flex max-w-full flex-col grow\">\n<div class=\"min-h-8 text-message relative flex w-full flex-col items-end gap-2 text-start break-words whitespace-normal [.text-message+&amp;]:mt-5\" dir=\"auto\" data-message-author-role=\"assistant\" data-message-id=\"2499471c-633d-4cb9-8b52-8c4662128a33\" data-message-model-slug=\"gpt-4o\">\n<div class=\"flex w-full flex-col gap-1 empty:hidden first:pt-[3px]\">\n<div class=\"markdown prose dark:prose-invert w-full break-words light\">\n<p data-start=\"0\" data-end=\"71\"><strong data-start=\"0\" data-end=\"71\">BodeFERM Ger\u00f6stete Mandeln 500g \u2013 Direkt aus der Region Castelldans<\/strong><\/p>\n<p data-start=\"73\" data-end=\"403\">Unsere <strong data-start=\"80\" data-end=\"111\">BodeFERM Ger\u00f6steten Mandeln<\/strong> stammen aus der malerischen Region rund um <strong data-start=\"155\" data-end=\"170\">Castelldans<\/strong>, die bekannt f\u00fcr ihre pr\u00e4chtigen <strong data-start=\"204\" data-end=\"219\">Mandelb\u00e4ume<\/strong> ist. Diese Mandeln werden sorgf\u00e4ltig ausgew\u00e4hlt, schonend ger\u00f6stet und bieten einen vollmundigen, intensiven Geschmack, der die nat\u00fcrliche S\u00fc\u00dfe der Mandeln perfekt zur Geltung bringt.<\/p>\n<p data-start=\"405\" data-end=\"447\"><strong data-start=\"405\" data-end=\"447\">Warum BodeFERM Ger\u00f6stete Mandeln 500g?<\/strong><\/p>\n<ul data-start=\"448\" data-end=\"893\">\n<li data-start=\"448\" data-end=\"568\">\n<p data-start=\"450\" data-end=\"568\"><strong data-start=\"450\" data-end=\"478\">Herkunft aus Castelldans<\/strong> \u2013 Die Mandeln wachsen in einer Region, die f\u00fcr ihre idealen Anbaubedingungen bekannt ist.<\/p>\n<\/li>\n<li data-start=\"569\" data-end=\"689\">\n<p data-start=\"571\" data-end=\"689\"><strong data-start=\"571\" data-end=\"592\">Schonend Ger\u00f6stet<\/strong> \u2013 Durch die sanfte R\u00f6stung entfalten die Mandeln ihr volles Aroma und bleiben besonders knackig.<\/p>\n<\/li>\n<li data-start=\"690\" data-end=\"799\">\n<p data-start=\"692\" data-end=\"799\"><strong data-start=\"692\" data-end=\"714\">Nat\u00fcrlicher Genuss<\/strong> \u2013 Ohne Zusatzstoffe oder k\u00fcnstliche Aromen, einfach reiner, authentischer Geschmack.<\/p>\n<\/li>\n<li data-start=\"800\" data-end=\"893\">\n<p data-start=\"802\" data-end=\"893\"><strong data-start=\"802\" data-end=\"820\">500g im Beutel<\/strong> \u2013 Perfekt f\u00fcr den t\u00e4glichen Genuss oder als Snack f\u00fcr gesellige Momente.<\/p>\n<\/li>\n<\/ul>\n<p data-start=\"895\" data-end=\"1082\" data-is-last-node=\"\" data-is-only-node=\"\">Genie\u00dfe die <strong data-start=\"907\" data-end=\"943\">BodeFERM Ger\u00f6steten Mandeln 500g<\/strong> \u2013 ein St\u00fcck mediterrane Qualit\u00e4t aus den Mandelhainen rund um Castelldans. Ideal als Snack, zum Verfeinern von Gerichten oder einfach pur!<\/p>\n<\/div>\n<\/div>\n<\/div>\n<\/div>\n<\/div>\n<\/div>\n<\/div>\n<\/div>\n<\/article>\n","protected":false},"excerpt":{"rendered":"<p>ChatGPT Plus BodeFERM Ger\u00f6stete Mandeln 500g \u2013 Direkt aus der Region Castelldans Unsere BodeFERM Ger\u00f6steten Mandeln stammen aus der malerischen Region rund um Castelldans, die bekannt f\u00fcr ihre pr\u00e4chtigen Mandelb\u00e4ume ist. Diese Mandeln werden sorgf\u00e4ltig ausgew\u00e4hlt, schonend ger\u00f6stet und bieten einen vollmundigen, intensiven Geschmack, der die nat\u00fcrliche S\u00fc\u00dfe der Mandeln perfekt zur Geltung bringt. Warum [&hellip;]<\/p>\n","protected":false},"featured_media":825,"comment_status":"open","ping_status":"closed","template":"","meta":{"_acf_changed":false},"product_brand":[],"product_cat":[62],"product_tag":[],"class_list":{"0":"post-622","1":"product","2":"type-product","3":"status-publish","4":"has-post-thumbnail","6":"product_cat-mandeln-und-honig","8":"first","9":"instock","10":"taxable","11":"shipping-taxable","12":"purchasable","13":"product-type-simple"},"acf":[],"yoast_head":"<!-- This site is optimized with the Yoast SEO plugin v27.5 - https:\/\/yoast.com\/product\/yoast-seo-wordpress\/ -->\n<title>Ger\u00f6stete Mandeln 500gr - OliFERM - Oli d&#039;Oliva Verge Extra<\/title>\n<meta name=\"robots\" content=\"index, follow, max-snippet:-1, max-image-preview:large, max-video-preview:-1\" \/>\n<link rel=\"canonical\" href=\"https:\/\/www.oliferm.com\/de\/producte\/mandeln-gerostet-bodeferm-350gr\/\" \/>\n<meta property=\"og:locale\" content=\"de_DE\" \/>\n<meta property=\"og:type\" content=\"article\" \/>\n<meta property=\"og:title\" content=\"Ger\u00f6stete Mandeln 500gr - OliFERM - Oli d&#039;Oliva Verge Extra\" \/>\n<meta property=\"og:description\" content=\"ChatGPT Plus BodeFERM Ger\u00f6stete Mandeln 500g \u2013 Direkt aus der Region Castelldans Unsere BodeFERM Ger\u00f6steten Mandeln stammen aus der malerischen Region rund um Castelldans, die bekannt f\u00fcr ihre pr\u00e4chtigen Mandelb\u00e4ume ist. Diese Mandeln werden sorgf\u00e4ltig ausgew\u00e4hlt, schonend ger\u00f6stet und bieten einen vollmundigen, intensiven Geschmack, der die nat\u00fcrliche S\u00fc\u00dfe der Mandeln perfekt zur Geltung bringt. Warum [&hellip;]\" \/>\n<meta property=\"og:url\" content=\"https:\/\/www.oliferm.com\/de\/producte\/mandeln-gerostet-bodeferm-350gr\/\" \/>\n<meta property=\"og:site_name\" content=\"OliFERM - Oli d&#039;Oliva Verge Extra\" \/>\n<meta property=\"article:publisher\" content=\"https:\/\/www.facebook.com\/oliferm\" \/>\n<meta property=\"article:modified_time\" content=\"2025-05-29T10:00:33+00:00\" \/>\n<meta property=\"og:image\" content=\"https:\/\/www.oliferm.com\/wp-content\/uploads\/2023\/07\/AMETLLERS_TORADAS.jpg\" \/>\n\t<meta property=\"og:image:width\" content=\"768\" \/>\n\t<meta property=\"og:image:height\" content=\"1024\" \/>\n\t<meta property=\"og:image:type\" content=\"image\/jpeg\" \/>\n<meta name=\"twitter:card\" content=\"summary_large_image\" \/>\n<meta name=\"twitter:label1\" content=\"Gesch\u00e4tzte Lesezeit\" \/>\n\t<meta name=\"twitter:data1\" content=\"1\u00a0Minute\" \/>\n<!-- \/ Yoast SEO plugin. -->","yoast_head_json":{"title":"Ger\u00f6stete Mandeln 500gr - OliFERM - Oli d&#039;Oliva Verge Extra","robots":{"index":"index","follow":"follow","max-snippet":"max-snippet:-1","max-image-preview":"max-image-preview:large","max-video-preview":"max-video-preview:-1"},"canonical":"https:\/\/www.oliferm.com\/de\/producte\/mandeln-gerostet-bodeferm-350gr\/","og_locale":"de_DE","og_type":"article","og_title":"Ger\u00f6stete Mandeln 500gr - OliFERM - Oli d&#039;Oliva Verge Extra","og_description":"ChatGPT Plus BodeFERM Ger\u00f6stete Mandeln 500g \u2013 Direkt aus der Region Castelldans Unsere BodeFERM Ger\u00f6steten Mandeln stammen aus der malerischen Region rund um Castelldans, die bekannt f\u00fcr ihre pr\u00e4chtigen Mandelb\u00e4ume ist. Diese Mandeln werden sorgf\u00e4ltig ausgew\u00e4hlt, schonend ger\u00f6stet und bieten einen vollmundigen, intensiven Geschmack, der die nat\u00fcrliche S\u00fc\u00dfe der Mandeln perfekt zur Geltung bringt. Warum [&hellip;]","og_url":"https:\/\/www.oliferm.com\/de\/producte\/mandeln-gerostet-bodeferm-350gr\/","og_site_name":"OliFERM - Oli d&#039;Oliva Verge Extra","article_publisher":"https:\/\/www.facebook.com\/oliferm","article_modified_time":"2025-05-29T10:00:33+00:00","og_image":[{"width":768,"height":1024,"url":"https:\/\/www.oliferm.com\/wp-content\/uploads\/2023\/07\/AMETLLERS_TORADAS.jpg","type":"image\/jpeg"}],"twitter_card":"summary_large_image","twitter_misc":{"Gesch\u00e4tzte Lesezeit":"1\u00a0Minute"},"schema":{"@context":"https:\/\/schema.org","@graph":[{"@type":"WebPage","@id":"https:\/\/www.oliferm.com\/de\/producte\/mandeln-gerostet-bodeferm-350gr\/","url":"https:\/\/www.oliferm.com\/de\/producte\/mandeln-gerostet-bodeferm-350gr\/","name":"Ger\u00f6stete Mandeln 500gr - OliFERM - Oli d&#039;Oliva Verge Extra","isPartOf":{"@id":"https:\/\/www.oliferm.com\/#website"},"primaryImageOfPage":{"@id":"https:\/\/www.oliferm.com\/de\/producte\/mandeln-gerostet-bodeferm-350gr\/#primaryimage"},"image":{"@id":"https:\/\/www.oliferm.com\/de\/producte\/mandeln-gerostet-bodeferm-350gr\/#primaryimage"},"thumbnailUrl":"https:\/\/www.oliferm.com\/wp-content\/uploads\/2023\/07\/AMETLLERS_TORADAS.jpg","datePublished":"2023-02-22T11:18:47+00:00","dateModified":"2025-05-29T10:00:33+00:00","breadcrumb":{"@id":"https:\/\/www.oliferm.com\/de\/producte\/mandeln-gerostet-bodeferm-350gr\/#breadcrumb"},"inLanguage":"de","potentialAction":[{"@type":"ReadAction","target":["https:\/\/www.oliferm.com\/de\/producte\/mandeln-gerostet-bodeferm-350gr\/"]}]},{"@type":"ImageObject","inLanguage":"de","@id":"https:\/\/www.oliferm.com\/de\/producte\/mandeln-gerostet-bodeferm-350gr\/#primaryimage","url":"https:\/\/www.oliferm.com\/wp-content\/uploads\/2023\/07\/AMETLLERS_TORADAS.jpg","contentUrl":"https:\/\/www.oliferm.com\/wp-content\/uploads\/2023\/07\/AMETLLERS_TORADAS.jpg","width":768,"height":1024,"caption":"MANDELB\u00c4UME TORADAS"},{"@type":"BreadcrumbList","@id":"https:\/\/www.oliferm.com\/de\/producte\/mandeln-gerostet-bodeferm-350gr\/#breadcrumb","itemListElement":[{"@type":"ListItem","position":1,"name":"Inici","item":"https:\/\/www.oliferm.com\/de\/"},{"@type":"ListItem","position":2,"name":"Alle Produkte","item":"https:\/\/www.oliferm.com\/tots-els-productes\/"},{"@type":"ListItem","position":3,"name":"Ametlles i Mel","item":"https:\/\/www.oliferm.com\/categoria-producte\/ametlles-i-mel\/"},{"@type":"ListItem","position":4,"name":"Ger\u00f6stete Mandeln 500gr"}]},{"@type":"WebSite","@id":"https:\/\/www.oliferm.com\/#website","url":"https:\/\/www.oliferm.com\/","name":"OliFERM - Oli d&#039;Oliva Verge Extra","description":"Cooperativa de Castelldans","publisher":{"@id":"https:\/\/www.oliferm.com\/#organization"},"potentialAction":[{"@type":"SearchAction","target":{"@type":"EntryPoint","urlTemplate":"https:\/\/www.oliferm.com\/?s={search_term_string}"},"query-input":{"@type":"PropertyValueSpecification","valueRequired":true,"valueName":"search_term_string"}}],"inLanguage":"de"},{"@type":"Organization","@id":"https:\/\/www.oliferm.com\/#organization","name":"OliFERM - Cooperativa de Castelldans","url":"https:\/\/www.oliferm.com\/","logo":{"@type":"ImageObject","inLanguage":"de","@id":"https:\/\/www.oliferm.com\/#\/schema\/logo\/image\/","url":"https:\/\/www.oliferm.com\/wp-content\/uploads\/2022\/02\/logo-ppal.png","contentUrl":"https:\/\/www.oliferm.com\/wp-content\/uploads\/2022\/02\/logo-ppal.png","width":700,"height":542,"caption":"OliFERM - Cooperativa de Castelldans"},"image":{"@id":"https:\/\/www.oliferm.com\/#\/schema\/logo\/image\/"},"sameAs":["https:\/\/www.facebook.com\/oliferm","https:\/\/www.instagram.com\/cooperativacastelldans\/"]}]}},"_links":{"self":[{"href":"https:\/\/www.oliferm.com\/de\/wp-json\/wp\/v2\/product\/622","targetHints":{"allow":["GET"]}}],"collection":[{"href":"https:\/\/www.oliferm.com\/de\/wp-json\/wp\/v2\/product"}],"about":[{"href":"https:\/\/www.oliferm.com\/de\/wp-json\/wp\/v2\/types\/product"}],"replies":[{"embeddable":true,"href":"https:\/\/www.oliferm.com\/de\/wp-json\/wp\/v2\/comments?post=622"}],"wp:featuredmedia":[{"embeddable":true,"href":"https:\/\/www.oliferm.com\/de\/wp-json\/wp\/v2\/media\/825"}],"wp:attachment":[{"href":"https:\/\/www.oliferm.com\/de\/wp-json\/wp\/v2\/media?parent=622"}],"wp:term":[{"taxonomy":"product_brand","embeddable":true,"href":"https:\/\/www.oliferm.com\/de\/wp-json\/wp\/v2\/product_brand?post=622"},{"taxonomy":"product_cat","embeddable":true,"href":"https:\/\/www.oliferm.com\/de\/wp-json\/wp\/v2\/product_cat?post=622"},{"taxonomy":"product_tag","embeddable":true,"href":"https:\/\/www.oliferm.com\/de\/wp-json\/wp\/v2\/product_tag?post=622"}],"curies":[{"name":"wp","href":"https:\/\/api.w.org\/{rel}","templated":true}]}}

Geröstete Mandeln 500gr

<article class="text-token-text-primary w-full" dir="auto" data-testid="conversation-turn-80" data-scroll-anchor="true">
<h6 class="sr-only">ChatGPT Plus</h6>
<div class="text-base my-auto mx-auto py-5 [--thread-content-margin:--spacing(4)] @[37rem]:[--thread-content-margin:--spacing(6)] @[72rem]:[--thread-content-margin:--spacing(16)] px-(--thread-content-margin)">
<div class="[--thread-content-max-width:32rem] @[34rem]:[--thread-content-max-width:40rem] @[64rem]:[--thread-content-max-width:48rem] mx-auto flex max-w-(--thread-content-max-width) flex-1 text-base gap-4 md:gap-5 lg:gap-6 group/turn-messages focus-visible:outline-hidden" tabindex="-1">
<div class="group/conversation-turn relative flex w-full min-w-0 flex-col agent-turn">
<div class="relative flex-col gap-1 md:gap-3">
<div class="flex max-w-full flex-col grow">
<div class="min-h-8 text-message relative flex w-full flex-col items-end gap-2 text-start break-words whitespace-normal [.text-message+&amp;]:mt-5" dir="auto" data-message-author-role="assistant" data-message-id="2499471c-633d-4cb9-8b52-8c4662128a33" data-message-model-slug="gpt-4o">
<div class="flex w-full flex-col gap-1 empty:hidden first:pt-[3px]">
<div class="markdown prose dark:prose-invert w-full break-words light">
<p data-start="0" data-end="71"><strong data-start="0" data-end="71">BodeFERM Geröstete Mandeln 500g – Direkt aus der Region Castelldans</strong></p>
<p data-start="73" data-end="403">Unsere <strong data-start="80" data-end="111">BodeFERM Gerösteten Mandeln</strong> stammen aus der malerischen Region rund um <strong data-start="155" data-end="170">Castelldans</strong>, die bekannt für ihre prächtigen <strong data-start="204" data-end="219">Mandelbäume</strong> ist. Diese Mandeln werden sorgfältig ausgewählt, schonend geröstet und bieten einen vollmundigen, intensiven Geschmack, der die natürliche Süße der Mandeln perfekt zur Geltung bringt.</p>
<p data-start="405" data-end="447"><strong data-start="405" data-end="447">Warum BodeFERM Geröstete Mandeln 500g?</strong></p>
<ul data-start="448" data-end="893">
<li data-start="448" data-end="568">
<p data-start="450" data-end="568"><strong data-start="450" data-end="478">Herkunft aus Castelldans</strong> – Die Mandeln wachsen in einer Region, die für ihre idealen Anbaubedingungen bekannt ist.</p>
</li>
<li data-start="569" data-end="689">
<p data-start="571" data-end="689"><strong data-start="571" data-end="592">Schonend Geröstet</strong> – Durch die sanfte Röstung entfalten die Mandeln ihr volles Aroma und bleiben besonders knackig.</p>
</li>
<li data-start="690" data-end="799">
<p data-start="692" data-end="799"><strong data-start="692" data-end="714">Natürlicher Genuss</strong> – Ohne Zusatzstoffe oder künstliche Aromen, einfach reiner, authentischer Geschmack.</p>
</li>
<li data-start="800" data-end="893">
<p data-start="802" data-end="893"><strong data-start="802" data-end="820">500g im Beutel</strong> – Perfekt für den täglichen Genuss oder als Snack für gesellige Momente.</p>
</li>
</ul>
<p data-start="895" data-end="1082" data-is-last-node="" data-is-only-node="">Genieße die <strong data-start="907" data-end="943">BodeFERM Gerösteten Mandeln 500g</strong> – ein Stück mediterrane Qualität aus den Mandelhainen rund um Castelldans. Ideal als Snack, zum Verfeinern von Gerichten oder einfach pur!</p>
</div>
</div>
</div>
</div>
</div>
</div>
</div>
</div>
</article>

<p>ChatGPT Plus BodeFERM Geröstete Mandeln 500g – Direkt aus der Region Castelldans Unsere BodeFERM Gerösteten Mandeln stammen aus der malerischen Region rund um Castelldans, die bekannt für ihre prächtigen Mandelbäume ist. Diese Mandeln werden sorgfältig ausgewählt, schonend geröstet und bieten einen vollmundigen, intensiven Geschmack, der die natürliche Süße der Mandeln perfekt zur Geltung bringt. Warum [&hellip;]</p>

<!-- This site is optimized with the Yoast SEO plugin v27.5 - https://yoast.com/product/yoast-seo-wordpress/ -->
<title>Geröstete Mandeln 500gr - OliFERM - Oli d&#039;Oliva Verge Extra</title>
<meta name="robots" content="index, follow, max-snippet:-1, max-image-preview:large, max-video-preview:-1" />
<link rel="canonical" href="https://www.oliferm.com/de/producte/mandeln-gerostet-bodeferm-350gr/" />
<meta property="og:locale" content="de_DE" />
<meta property="og:type" content="article" />
<meta property="og:title" content="Geröstete Mandeln 500gr - OliFERM - Oli d&#039;Oliva Verge Extra" />
<meta property="og:description" content="ChatGPT Plus BodeFERM Geröstete Mandeln 500g – Direkt aus der Region Castelldans Unsere BodeFERM Gerösteten Mandeln stammen aus der malerischen Region rund um Castelldans, die bekannt für ihre prächtigen Mandelbäume ist. Diese Mandeln werden sorgfältig ausgewählt, schonend geröstet und bieten einen vollmundigen, intensiven Geschmack, der die natürliche Süße der Mandeln perfekt zur Geltung bringt. Warum [&hellip;]" />
<meta property="og:url" content="https://www.oliferm.com/de/producte/mandeln-gerostet-bodeferm-350gr/" />
<meta property="og:site_name" content="OliFERM - Oli d&#039;Oliva Verge Extra" />
<meta property="article:publisher" content="https://www.facebook.com/oliferm" />
<meta property="article:modified_time" content="2025-05-29T10:00:33+00:00" />
<meta property="og:image" content="https://www.oliferm.com/wp-content/uploads/2023/07/AMETLLERS_TORADAS.jpg" />
	<meta property="og:image:width" content="768" />
	<meta property="og:image:height" content="1024" />
	<meta property="og:image:type" content="image/jpeg" />
<meta name="twitter:card" content="summary_large_image" />
<meta name="twitter:label1" content="Geschätzte Lesezeit" />
	<meta name="twitter:data1" content="1 Minute" />
<!-- / Yoast SEO plugin. -->

Geröstete Mandeln 500gr - OliFERM - Oli d&#039;Oliva Verge Extra

ChatGPT Plus BodeFERM Geröstete Mandeln 500g – Direkt aus der Region Castelldans Unsere BodeFERM Gerösteten Mandeln stammen aus der malerischen Region rund um Castelldans, die bekannt für ihre prächtigen Mandelbäume ist. Diese Mandeln werden sorgfältig ausgewählt, schonend geröstet und bieten einen vollmundigen, intensiven Geschmack, der die natürliche Süße der Mandeln perfekt zur Geltung bringt. Warum [&hellip;]

MANDELBÄUME TORADAS
