{"id":624,"date":"2022-02-24T11:33:37","date_gmt":"2023-02-22T11:18:52","guid":{"rendered":"https:\/\/www.oliferm.com\/producte\/bodeferm-oliven-220gr\/"},"modified":"2025-05-29T10:05:57","modified_gmt":"2025-05-29T10:05:57","slug":"oliven-bodeferm-220gr","status":"publish","type":"product","link":"https:\/\/www.oliferm.com\/de\/producte\/oliven-bodeferm-220gr\/","title":{"rendered":"BOdeFERM Oliven 220gr"},"content":{"rendered":"<p data-start=\"0\" data-end=\"78\"><strong data-start=\"0\" data-end=\"78\">BodeFERM Arbequina-Oliven 220g \u2013 Der Geschmack der katalanischen Tradition<\/strong><\/p>\n<p data-start=\"80\" data-end=\"441\">Unsere <strong data-start=\"87\" data-end=\"116\">BodeFERM Arbequina-Oliven<\/strong> stammen aus den sonnigen Olivenhainen Kataloniens, wo die <strong data-start=\"175\" data-end=\"194\">Arbequina-Olive<\/strong> seit Jahrhunderten in dieser Region heimisch ist. Diese autochthone Sorte zeichnet sich durch ihre kleine Gr\u00f6\u00dfe, den milden, fruchtigen Geschmack und die zarte Textur aus \u2013 ideal f\u00fcr alle, die den authentischen Geschmack Spaniens erleben m\u00f6chten.<\/p>\n<p data-start=\"443\" data-end=\"484\"><strong data-start=\"443\" data-end=\"484\">Warum BodeFERM Arbequina-Oliven 220g?<\/strong><\/p>\n<ul data-start=\"485\" data-end=\"964\">\n<li data-start=\"485\" data-end=\"650\">\n<p data-start=\"487\" data-end=\"650\"><strong data-start=\"487\" data-end=\"515\">Autochthon in Katalonien<\/strong> \u2013 Die Arbequina-Olive ist eine traditionelle, in Katalonien heimische Olivensorte, die perfekt an das mediterrane Klima angepasst ist.<\/p>\n<\/li>\n<li data-start=\"651\" data-end=\"776\">\n<p data-start=\"653\" data-end=\"776\"><strong data-start=\"653\" data-end=\"685\">Milder, Fruchtiger Geschmack<\/strong> \u2013 Diese Oliven bieten eine harmonische Kombination aus S\u00fc\u00dfe und einer leichten Salzigkeit.<\/p>\n<\/li>\n<li data-start=\"777\" data-end=\"882\">\n<p data-start=\"779\" data-end=\"882\"><strong data-start=\"779\" data-end=\"810\">Ideal f\u00fcr Tapas oder Salate<\/strong> \u2013 Perfekt als Snack, in mediterranen Gerichten oder zu einem Glas Wein.<\/p>\n<\/li>\n<li data-start=\"883\" data-end=\"964\">\n<p data-start=\"885\" data-end=\"964\"><strong data-start=\"885\" data-end=\"901\">450g im Glas<\/strong> \u2013 Praktische Gr\u00f6\u00dfe f\u00fcr den t\u00e4glichen Genuss oder als Geschenk.<\/p>\n<\/li>\n<\/ul>\n<p data-start=\"966\" data-end=\"1145\" data-is-last-node=\"\" data-is-only-node=\"\">Genie\u00dfe die <strong data-start=\"978\" data-end=\"1012\">BodeFERM Arbequina-Oliven 220g<\/strong> \u2013 ein St\u00fcck katalanischer Tradition, das den authentischen Geschmack dieser autochthonen Olivensorte direkt auf deinen Tisch bringt.<\/p>\n","protected":false},"excerpt":{"rendered":"<p>BodeFERM Arbequina-Oliven 220g \u2013 Der Geschmack der katalanischen Tradition Unsere BodeFERM Arbequina-Oliven stammen aus den sonnigen Olivenhainen Kataloniens, wo die Arbequina-Olive seit Jahrhunderten in dieser Region heimisch ist. Diese autochthone Sorte zeichnet sich durch ihre kleine Gr\u00f6\u00dfe, den milden, fruchtigen Geschmack und die zarte Textur aus \u2013 ideal f\u00fcr alle, die den authentischen Geschmack Spaniens [&hellip;]<\/p>\n","protected":false},"featured_media":520,"comment_status":"open","ping_status":"closed","template":"","meta":{"_acf_changed":false},"product_brand":[],"product_cat":[63],"product_tag":[],"class_list":{"0":"post-624","1":"product","2":"type-product","3":"status-publish","4":"has-post-thumbnail","6":"product_cat-oliven-und-pasteten","7":"product_shipping_class-0-kg-de","9":"first","10":"instock","11":"taxable","12":"shipping-taxable","13":"purchasable","14":"product-type-simple"},"acf":[],"yoast_head":"<!-- This site is optimized with the Yoast SEO plugin v27.5 - https:\/\/yoast.com\/product\/yoast-seo-wordpress\/ -->\n<title>BOdeFERM Oliven 220gr - OliFERM - Oli d&#039;Oliva Verge Extra<\/title>\n<meta name=\"robots\" content=\"index, follow, max-snippet:-1, max-image-preview:large, max-video-preview:-1\" \/>\n<link rel=\"canonical\" href=\"https:\/\/www.oliferm.com\/de\/producte\/oliven-bodeferm-220gr\/\" \/>\n<meta property=\"og:locale\" content=\"de_DE\" \/>\n<meta property=\"og:type\" content=\"article\" \/>\n<meta property=\"og:title\" content=\"BOdeFERM Oliven 220gr - OliFERM - Oli d&#039;Oliva Verge Extra\" \/>\n<meta property=\"og:description\" content=\"BodeFERM Arbequina-Oliven 220g \u2013 Der Geschmack der katalanischen Tradition Unsere BodeFERM Arbequina-Oliven stammen aus den sonnigen Olivenhainen Kataloniens, wo die Arbequina-Olive seit Jahrhunderten in dieser Region heimisch ist. Diese autochthone Sorte zeichnet sich durch ihre kleine Gr\u00f6\u00dfe, den milden, fruchtigen Geschmack und die zarte Textur aus \u2013 ideal f\u00fcr alle, die den authentischen Geschmack Spaniens [&hellip;]\" \/>\n<meta property=\"og:url\" content=\"https:\/\/www.oliferm.com\/de\/producte\/oliven-bodeferm-220gr\/\" \/>\n<meta property=\"og:site_name\" content=\"OliFERM - Oli d&#039;Oliva Verge Extra\" \/>\n<meta property=\"article:publisher\" content=\"https:\/\/www.facebook.com\/oliferm\" \/>\n<meta property=\"article:modified_time\" content=\"2025-05-29T10:05:57+00:00\" \/>\n<meta property=\"og:image\" content=\"https:\/\/www.oliferm.com\/wp-content\/uploads\/2022\/02\/OlivaArbeqina_220G_01_bf1578d9-3f90-45ac-9f12-eb7f8b174fbb_1296x.jpg\" \/>\n\t<meta property=\"og:image:width\" content=\"1296\" \/>\n\t<meta property=\"og:image:height\" content=\"1296\" \/>\n\t<meta property=\"og:image:type\" content=\"image\/jpeg\" \/>\n<meta name=\"twitter:card\" content=\"summary_large_image\" \/>\n<meta name=\"twitter:label1\" content=\"Gesch\u00e4tzte Lesezeit\" \/>\n\t<meta name=\"twitter:data1\" content=\"1\u00a0Minute\" \/>\n<!-- \/ Yoast SEO plugin. -->","yoast_head_json":{"title":"BOdeFERM Oliven 220gr - OliFERM - Oli d&#039;Oliva Verge Extra","robots":{"index":"index","follow":"follow","max-snippet":"max-snippet:-1","max-image-preview":"max-image-preview:large","max-video-preview":"max-video-preview:-1"},"canonical":"https:\/\/www.oliferm.com\/de\/producte\/oliven-bodeferm-220gr\/","og_locale":"de_DE","og_type":"article","og_title":"BOdeFERM Oliven 220gr - OliFERM - Oli d&#039;Oliva Verge Extra","og_description":"BodeFERM Arbequina-Oliven 220g \u2013 Der Geschmack der katalanischen Tradition Unsere BodeFERM Arbequina-Oliven stammen aus den sonnigen Olivenhainen Kataloniens, wo die Arbequina-Olive seit Jahrhunderten in dieser Region heimisch ist. Diese autochthone Sorte zeichnet sich durch ihre kleine Gr\u00f6\u00dfe, den milden, fruchtigen Geschmack und die zarte Textur aus \u2013 ideal f\u00fcr alle, die den authentischen Geschmack Spaniens [&hellip;]","og_url":"https:\/\/www.oliferm.com\/de\/producte\/oliven-bodeferm-220gr\/","og_site_name":"OliFERM - Oli d&#039;Oliva Verge Extra","article_publisher":"https:\/\/www.facebook.com\/oliferm","article_modified_time":"2025-05-29T10:05:57+00:00","og_image":[{"width":1296,"height":1296,"url":"https:\/\/www.oliferm.com\/wp-content\/uploads\/2022\/02\/OlivaArbeqina_220G_01_bf1578d9-3f90-45ac-9f12-eb7f8b174fbb_1296x.jpg","type":"image\/jpeg"}],"twitter_card":"summary_large_image","twitter_misc":{"Gesch\u00e4tzte Lesezeit":"1\u00a0Minute"},"schema":{"@context":"https:\/\/schema.org","@graph":[{"@type":"WebPage","@id":"https:\/\/www.oliferm.com\/de\/producte\/oliven-bodeferm-220gr\/","url":"https:\/\/www.oliferm.com\/de\/producte\/oliven-bodeferm-220gr\/","name":"BOdeFERM Oliven 220gr - OliFERM - Oli d&#039;Oliva Verge Extra","isPartOf":{"@id":"https:\/\/www.oliferm.com\/#website"},"primaryImageOfPage":{"@id":"https:\/\/www.oliferm.com\/de\/producte\/oliven-bodeferm-220gr\/#primaryimage"},"image":{"@id":"https:\/\/www.oliferm.com\/de\/producte\/oliven-bodeferm-220gr\/#primaryimage"},"thumbnailUrl":"https:\/\/www.oliferm.com\/wp-content\/uploads\/2022\/02\/OlivaArbeqina_220G_01_bf1578d9-3f90-45ac-9f12-eb7f8b174fbb_1296x.jpg","datePublished":"2023-02-22T11:18:52+00:00","dateModified":"2025-05-29T10:05:57+00:00","breadcrumb":{"@id":"https:\/\/www.oliferm.com\/de\/producte\/oliven-bodeferm-220gr\/#breadcrumb"},"inLanguage":"de","potentialAction":[{"@type":"ReadAction","target":["https:\/\/www.oliferm.com\/de\/producte\/oliven-bodeferm-220gr\/"]}]},{"@type":"ImageObject","inLanguage":"de","@id":"https:\/\/www.oliferm.com\/de\/producte\/oliven-bodeferm-220gr\/#primaryimage","url":"https:\/\/www.oliferm.com\/wp-content\/uploads\/2022\/02\/OlivaArbeqina_220G_01_bf1578d9-3f90-45ac-9f12-eb7f8b174fbb_1296x.jpg","contentUrl":"https:\/\/www.oliferm.com\/wp-content\/uploads\/2022\/02\/OlivaArbeqina_220G_01_bf1578d9-3f90-45ac-9f12-eb7f8b174fbb_1296x.jpg","width":1296,"height":1296,"caption":"bote de olivas Bo de Ferm 220gr"},{"@type":"BreadcrumbList","@id":"https:\/\/www.oliferm.com\/de\/producte\/oliven-bodeferm-220gr\/#breadcrumb","itemListElement":[{"@type":"ListItem","position":1,"name":"Inici","item":"https:\/\/www.oliferm.com\/de\/"},{"@type":"ListItem","position":2,"name":"Alle Produkte","item":"https:\/\/www.oliferm.com\/tots-els-productes\/"},{"@type":"ListItem","position":3,"name":"Olives i Pat\u00e9s","item":"https:\/\/www.oliferm.com\/categoria-producte\/olives-i-pates\/"},{"@type":"ListItem","position":4,"name":"BOdeFERM Oliven 220gr"}]},{"@type":"WebSite","@id":"https:\/\/www.oliferm.com\/#website","url":"https:\/\/www.oliferm.com\/","name":"OliFERM - Oli d&#039;Oliva Verge Extra","description":"Cooperativa de Castelldans","publisher":{"@id":"https:\/\/www.oliferm.com\/#organization"},"potentialAction":[{"@type":"SearchAction","target":{"@type":"EntryPoint","urlTemplate":"https:\/\/www.oliferm.com\/?s={search_term_string}"},"query-input":{"@type":"PropertyValueSpecification","valueRequired":true,"valueName":"search_term_string"}}],"inLanguage":"de"},{"@type":"Organization","@id":"https:\/\/www.oliferm.com\/#organization","name":"OliFERM - Cooperativa de Castelldans","url":"https:\/\/www.oliferm.com\/","logo":{"@type":"ImageObject","inLanguage":"de","@id":"https:\/\/www.oliferm.com\/#\/schema\/logo\/image\/","url":"https:\/\/www.oliferm.com\/wp-content\/uploads\/2022\/02\/logo-ppal.png","contentUrl":"https:\/\/www.oliferm.com\/wp-content\/uploads\/2022\/02\/logo-ppal.png","width":700,"height":542,"caption":"OliFERM - Cooperativa de Castelldans"},"image":{"@id":"https:\/\/www.oliferm.com\/#\/schema\/logo\/image\/"},"sameAs":["https:\/\/www.facebook.com\/oliferm","https:\/\/www.instagram.com\/cooperativacastelldans\/"]}]}},"_links":{"self":[{"href":"https:\/\/www.oliferm.com\/de\/wp-json\/wp\/v2\/product\/624","targetHints":{"allow":["GET"]}}],"collection":[{"href":"https:\/\/www.oliferm.com\/de\/wp-json\/wp\/v2\/product"}],"about":[{"href":"https:\/\/www.oliferm.com\/de\/wp-json\/wp\/v2\/types\/product"}],"replies":[{"embeddable":true,"href":"https:\/\/www.oliferm.com\/de\/wp-json\/wp\/v2\/comments?post=624"}],"wp:featuredmedia":[{"embeddable":true,"href":"https:\/\/www.oliferm.com\/de\/wp-json\/wp\/v2\/media\/520"}],"wp:attachment":[{"href":"https:\/\/www.oliferm.com\/de\/wp-json\/wp\/v2\/media?parent=624"}],"wp:term":[{"taxonomy":"product_brand","embeddable":true,"href":"https:\/\/www.oliferm.com\/de\/wp-json\/wp\/v2\/product_brand?post=624"},{"taxonomy":"product_cat","embeddable":true,"href":"https:\/\/www.oliferm.com\/de\/wp-json\/wp\/v2\/product_cat?post=624"},{"taxonomy":"product_tag","embeddable":true,"href":"https:\/\/www.oliferm.com\/de\/wp-json\/wp\/v2\/product_tag?post=624"}],"curies":[{"name":"wp","href":"https:\/\/api.w.org\/{rel}","templated":true}]}}

<p data-start="0" data-end="78"><strong data-start="0" data-end="78">BodeFERM Arbequina-Oliven 220g – Der Geschmack der katalanischen Tradition</strong></p>
<p data-start="80" data-end="441">Unsere <strong data-start="87" data-end="116">BodeFERM Arbequina-Oliven</strong> stammen aus den sonnigen Olivenhainen Kataloniens, wo die <strong data-start="175" data-end="194">Arbequina-Olive</strong> seit Jahrhunderten in dieser Region heimisch ist. Diese autochthone Sorte zeichnet sich durch ihre kleine Größe, den milden, fruchtigen Geschmack und die zarte Textur aus – ideal für alle, die den authentischen Geschmack Spaniens erleben möchten.</p>
<p data-start="443" data-end="484"><strong data-start="443" data-end="484">Warum BodeFERM Arbequina-Oliven 220g?</strong></p>
<ul data-start="485" data-end="964">
<li data-start="485" data-end="650">
<p data-start="487" data-end="650"><strong data-start="487" data-end="515">Autochthon in Katalonien</strong> – Die Arbequina-Olive ist eine traditionelle, in Katalonien heimische Olivensorte, die perfekt an das mediterrane Klima angepasst ist.</p>
</li>
<li data-start="651" data-end="776">
<p data-start="653" data-end="776"><strong data-start="653" data-end="685">Milder, Fruchtiger Geschmack</strong> – Diese Oliven bieten eine harmonische Kombination aus Süße und einer leichten Salzigkeit.</p>
</li>
<li data-start="777" data-end="882">
<p data-start="779" data-end="882"><strong data-start="779" data-end="810">Ideal für Tapas oder Salate</strong> – Perfekt als Snack, in mediterranen Gerichten oder zu einem Glas Wein.</p>
</li>
<li data-start="883" data-end="964">
<p data-start="885" data-end="964"><strong data-start="885" data-end="901">450g im Glas</strong> – Praktische Größe für den täglichen Genuss oder als Geschenk.</p>
</li>
</ul>
<p data-start="966" data-end="1145" data-is-last-node="" data-is-only-node="">Genieße die <strong data-start="978" data-end="1012">BodeFERM Arbequina-Oliven 220g</strong> – ein Stück katalanischer Tradition, das den authentischen Geschmack dieser autochthonen Olivensorte direkt auf deinen Tisch bringt.</p>

<p>BodeFERM Arbequina-Oliven 220g – Der Geschmack der katalanischen Tradition Unsere BodeFERM Arbequina-Oliven stammen aus den sonnigen Olivenhainen Kataloniens, wo die Arbequina-Olive seit Jahrhunderten in dieser Region heimisch ist. Diese autochthone Sorte zeichnet sich durch ihre kleine Größe, den milden, fruchtigen Geschmack und die zarte Textur aus – ideal für alle, die den authentischen Geschmack Spaniens [&hellip;]</p>

<!-- This site is optimized with the Yoast SEO plugin v27.5 - https://yoast.com/product/yoast-seo-wordpress/ -->
<title>BOdeFERM Oliven 220gr - OliFERM - Oli d&#039;Oliva Verge Extra</title>
<meta name="robots" content="index, follow, max-snippet:-1, max-image-preview:large, max-video-preview:-1" />
<link rel="canonical" href="https://www.oliferm.com/de/producte/oliven-bodeferm-220gr/" />
<meta property="og:locale" content="de_DE" />
<meta property="og:type" content="article" />
<meta property="og:title" content="BOdeFERM Oliven 220gr - OliFERM - Oli d&#039;Oliva Verge Extra" />
<meta property="og:description" content="BodeFERM Arbequina-Oliven 220g – Der Geschmack der katalanischen Tradition Unsere BodeFERM Arbequina-Oliven stammen aus den sonnigen Olivenhainen Kataloniens, wo die Arbequina-Olive seit Jahrhunderten in dieser Region heimisch ist. Diese autochthone Sorte zeichnet sich durch ihre kleine Größe, den milden, fruchtigen Geschmack und die zarte Textur aus – ideal für alle, die den authentischen Geschmack Spaniens [&hellip;]" />
<meta property="og:url" content="https://www.oliferm.com/de/producte/oliven-bodeferm-220gr/" />
<meta property="og:site_name" content="OliFERM - Oli d&#039;Oliva Verge Extra" />
<meta property="article:publisher" content="https://www.facebook.com/oliferm" />
<meta property="article:modified_time" content="2025-05-29T10:05:57+00:00" />
<meta property="og:image" content="https://www.oliferm.com/wp-content/uploads/2022/02/OlivaArbeqina_220G_01_bf1578d9-3f90-45ac-9f12-eb7f8b174fbb_1296x.jpg" />
	<meta property="og:image:width" content="1296" />
	<meta property="og:image:height" content="1296" />
	<meta property="og:image:type" content="image/jpeg" />
<meta name="twitter:card" content="summary_large_image" />
<meta name="twitter:label1" content="Geschätzte Lesezeit" />
	<meta name="twitter:data1" content="1 Minute" />
<!-- / Yoast SEO plugin. -->

BodeFERM Arbequina-Oliven 220g – Der Geschmack der katalanischen Tradition Unsere BodeFERM Arbequina-Oliven stammen aus den sonnigen Olivenhainen Kataloniens, wo die Arbequina-Olive seit Jahrhunderten in dieser Region heimisch ist. Diese autochthone Sorte zeichnet sich durch ihre kleine Größe, den milden, fruchtigen Geschmack und die zarte Textur aus – ideal für alle, die den authentischen Geschmack Spaniens [&hellip;]

Olives i Patés
