{"id":226,"date":"2022-02-24T11:40:20","date_gmt":"2022-06-13T09:24:41","guid":{"rendered":"https:\/\/www.oliferm.com\/producte\/almendras-tostadas-bodeferm-350gr\/"},"modified":"2023-09-13T07:51:20","modified_gmt":"2023-09-13T07:51:20","slug":"almendras-tostadas-bodeferm-350gr","status":"publish","type":"product","link":"https:\/\/www.oliferm.com\/es\/producte\/almendras-tostadas-bodeferm-350gr\/","title":{"rendered":"Almendras Tostadas BOdeFERM 500gr"},"content":{"rendered":"<p>Almendras Tostadas BOdeFERM envasadas al vac\u00edo de 500gr.<br \/>\nUn proceso de elaboraci\u00f3n controlado para extraer la m\u00e1xima calidad, hacen de nuestras almendras un producto incre\u00edble.<br \/>\nAlmendras de categor\u00eda extra, de sabor y sabor inigualables.<\/p>\n","protected":false},"excerpt":{"rendered":"<p>Almendras Tostadas BOdeFERM envasadas al vac\u00edo de 500gr. Un proceso de elaboraci\u00f3n controlado para extraer la m\u00e1xima calidad, hacen de nuestras almendras un producto incre\u00edble. Almendras de categor\u00eda extra, de sabor y sabor inigualables.<\/p>\n","protected":false},"featured_media":826,"comment_status":"open","ping_status":"closed","template":"","meta":{"_acf_changed":false},"product_brand":[],"product_cat":[35],"product_tag":[],"class_list":{"0":"post-226","1":"product","2":"type-product","3":"status-publish","4":"has-post-thumbnail","6":"product_cat-almendras-y-miel","8":"first","9":"instock","10":"taxable","11":"shipping-taxable","12":"purchasable","13":"product-type-simple"},"acf":[],"yoast_head":"<!-- This site is optimized with the Yoast SEO plugin v27.5 - https:\/\/yoast.com\/product\/yoast-seo-wordpress\/ -->\n<title>Almendras Tostadas BOdeFERM 500gr - OliFERM - Oli d&#039;Oliva Verge Extra<\/title>\n<meta name=\"robots\" content=\"index, follow, max-snippet:-1, max-image-preview:large, max-video-preview:-1\" \/>\n<link rel=\"canonical\" href=\"https:\/\/www.oliferm.com\/es\/producte\/almendras-tostadas-bodeferm-350gr\/\" \/>\n<meta property=\"og:locale\" content=\"es_ES\" \/>\n<meta property=\"og:type\" content=\"article\" \/>\n<meta property=\"og:title\" content=\"Almendras Tostadas BOdeFERM 500gr - OliFERM - Oli d&#039;Oliva Verge Extra\" \/>\n<meta property=\"og:description\" content=\"Almendras Tostadas BOdeFERM envasadas al vac\u00edo de 500gr. Un proceso de elaboraci\u00f3n controlado para extraer la m\u00e1xima calidad, hacen de nuestras almendras un producto incre\u00edble. Almendras de categor\u00eda extra, de sabor y sabor inigualables.\" \/>\n<meta property=\"og:url\" content=\"https:\/\/www.oliferm.com\/es\/producte\/almendras-tostadas-bodeferm-350gr\/\" \/>\n<meta property=\"og:site_name\" content=\"OliFERM - Oli d&#039;Oliva Verge Extra\" \/>\n<meta property=\"article:publisher\" content=\"https:\/\/www.facebook.com\/oliferm\" \/>\n<meta property=\"article:modified_time\" content=\"2023-09-13T07:51:20+00:00\" \/>\n<meta property=\"og:image\" content=\"https:\/\/www.oliferm.com\/wp-content\/uploads\/2022\/02\/AmetllesTorrades_350g_02_1080x.jpg\" \/>\n\t<meta property=\"og:image:width\" content=\"1080\" \/>\n\t<meta property=\"og:image:height\" content=\"1080\" \/>\n\t<meta property=\"og:image:type\" content=\"image\/jpeg\" \/>\n<meta name=\"twitter:card\" content=\"summary_large_image\" \/>\n<!-- \/ Yoast SEO plugin. -->","yoast_head_json":{"title":"Almendras Tostadas BOdeFERM 500gr - OliFERM - Oli d&#039;Oliva Verge Extra","robots":{"index":"index","follow":"follow","max-snippet":"max-snippet:-1","max-image-preview":"max-image-preview:large","max-video-preview":"max-video-preview:-1"},"canonical":"https:\/\/www.oliferm.com\/es\/producte\/almendras-tostadas-bodeferm-350gr\/","og_locale":"es_ES","og_type":"article","og_title":"Almendras Tostadas BOdeFERM 500gr - OliFERM - Oli d&#039;Oliva Verge Extra","og_description":"Almendras Tostadas BOdeFERM envasadas al vac\u00edo de 500gr. Un proceso de elaboraci\u00f3n controlado para extraer la m\u00e1xima calidad, hacen de nuestras almendras un producto incre\u00edble. Almendras de categor\u00eda extra, de sabor y sabor inigualables.","og_url":"https:\/\/www.oliferm.com\/es\/producte\/almendras-tostadas-bodeferm-350gr\/","og_site_name":"OliFERM - Oli d&#039;Oliva Verge Extra","article_publisher":"https:\/\/www.facebook.com\/oliferm","article_modified_time":"2023-09-13T07:51:20+00:00","og_image":[{"width":1080,"height":1080,"url":"https:\/\/www.oliferm.com\/wp-content\/uploads\/2022\/02\/AmetllesTorrades_350g_02_1080x.jpg","type":"image\/jpeg"}],"twitter_card":"summary_large_image","schema":{"@context":"https:\/\/schema.org","@graph":[{"@type":"WebPage","@id":"https:\/\/www.oliferm.com\/es\/producte\/almendras-tostadas-bodeferm-350gr\/","url":"https:\/\/www.oliferm.com\/es\/producte\/almendras-tostadas-bodeferm-350gr\/","name":"Almendras Tostadas BOdeFERM 500gr - OliFERM - Oli d&#039;Oliva Verge Extra","isPartOf":{"@id":"https:\/\/www.oliferm.com\/#website"},"primaryImageOfPage":{"@id":"https:\/\/www.oliferm.com\/es\/producte\/almendras-tostadas-bodeferm-350gr\/#primaryimage"},"image":{"@id":"https:\/\/www.oliferm.com\/es\/producte\/almendras-tostadas-bodeferm-350gr\/#primaryimage"},"thumbnailUrl":"https:\/\/www.oliferm.com\/wp-content\/uploads\/2023\/07\/AMETLLERS_TORADAS.jpg","datePublished":"2022-06-13T09:24:41+00:00","dateModified":"2023-09-13T07:51:20+00:00","breadcrumb":{"@id":"https:\/\/www.oliferm.com\/es\/producte\/almendras-tostadas-bodeferm-350gr\/#breadcrumb"},"inLanguage":"es","potentialAction":[{"@type":"ReadAction","target":["https:\/\/www.oliferm.com\/es\/producte\/almendras-tostadas-bodeferm-350gr\/"]}]},{"@type":"ImageObject","inLanguage":"es","@id":"https:\/\/www.oliferm.com\/es\/producte\/almendras-tostadas-bodeferm-350gr\/#primaryimage","url":"https:\/\/www.oliferm.com\/wp-content\/uploads\/2023\/07\/AMETLLERS_TORADAS.jpg","contentUrl":"https:\/\/www.oliferm.com\/wp-content\/uploads\/2023\/07\/AMETLLERS_TORADAS.jpg","width":768,"height":1024,"caption":"ALMENDROS TORADAS"},{"@type":"BreadcrumbList","@id":"https:\/\/www.oliferm.com\/es\/producte\/almendras-tostadas-bodeferm-350gr\/#breadcrumb","itemListElement":[{"@type":"ListItem","position":1,"name":"Inici","item":"https:\/\/www.oliferm.com\/es\/"},{"@type":"ListItem","position":2,"name":"Todos los productos","item":"https:\/\/www.oliferm.com\/es\/?page_id=245"},{"@type":"ListItem","position":3,"name":"Almendras y Miel","item":"https:\/\/www.oliferm.com\/es\/categoria-producte\/almendras-y-miel\/"},{"@type":"ListItem","position":4,"name":"Almendras Tostadas BOdeFERM 350gr"}]},{"@type":"WebSite","@id":"https:\/\/www.oliferm.com\/#website","url":"https:\/\/www.oliferm.com\/","name":"OliFERM - Oli d&#039;Oliva Verge Extra","description":"Cooperativa de Castelldans","publisher":{"@id":"https:\/\/www.oliferm.com\/#organization"},"potentialAction":[{"@type":"SearchAction","target":{"@type":"EntryPoint","urlTemplate":"https:\/\/www.oliferm.com\/?s={search_term_string}"},"query-input":{"@type":"PropertyValueSpecification","valueRequired":true,"valueName":"search_term_string"}}],"inLanguage":"es"},{"@type":"Organization","@id":"https:\/\/www.oliferm.com\/#organization","name":"OliFERM - Cooperativa de Castelldans","url":"https:\/\/www.oliferm.com\/","logo":{"@type":"ImageObject","inLanguage":"es","@id":"https:\/\/www.oliferm.com\/#\/schema\/logo\/image\/","url":"https:\/\/www.oliferm.com\/wp-content\/uploads\/2022\/02\/logo-ppal.png","contentUrl":"https:\/\/www.oliferm.com\/wp-content\/uploads\/2022\/02\/logo-ppal.png","width":700,"height":542,"caption":"OliFERM - Cooperativa de Castelldans"},"image":{"@id":"https:\/\/www.oliferm.com\/#\/schema\/logo\/image\/"},"sameAs":["https:\/\/www.facebook.com\/oliferm","https:\/\/www.instagram.com\/cooperativacastelldans\/"]}]}},"_links":{"self":[{"href":"https:\/\/www.oliferm.com\/es\/wp-json\/wp\/v2\/product\/226","targetHints":{"allow":["GET"]}}],"collection":[{"href":"https:\/\/www.oliferm.com\/es\/wp-json\/wp\/v2\/product"}],"about":[{"href":"https:\/\/www.oliferm.com\/es\/wp-json\/wp\/v2\/types\/product"}],"replies":[{"embeddable":true,"href":"https:\/\/www.oliferm.com\/es\/wp-json\/wp\/v2\/comments?post=226"}],"wp:featuredmedia":[{"embeddable":true,"href":"https:\/\/www.oliferm.com\/es\/wp-json\/wp\/v2\/media\/826"}],"wp:attachment":[{"href":"https:\/\/www.oliferm.com\/es\/wp-json\/wp\/v2\/media?parent=226"}],"wp:term":[{"taxonomy":"product_brand","embeddable":true,"href":"https:\/\/www.oliferm.com\/es\/wp-json\/wp\/v2\/product_brand?post=226"},{"taxonomy":"product_cat","embeddable":true,"href":"https:\/\/www.oliferm.com\/es\/wp-json\/wp\/v2\/product_cat?post=226"},{"taxonomy":"product_tag","embeddable":true,"href":"https:\/\/www.oliferm.com\/es\/wp-json\/wp\/v2\/product_tag?post=226"}],"curies":[{"name":"wp","href":"https:\/\/api.w.org\/{rel}","templated":true}]}}

<p>Almendras Tostadas BOdeFERM envasadas al vacío de 500gr.<br />
Un proceso de elaboración controlado para extraer la máxima calidad, hacen de nuestras almendras un producto increíble.<br />
Almendras de categoría extra, de sabor y sabor inigualables.</p>

<p>Almendras Tostadas BOdeFERM envasadas al vacío de 500gr. Un proceso de elaboración controlado para extraer la máxima calidad, hacen de nuestras almendras un producto increíble. Almendras de categoría extra, de sabor y sabor inigualables.</p>

<!-- This site is optimized with the Yoast SEO plugin v27.5 - https://yoast.com/product/yoast-seo-wordpress/ -->
<title>Almendras Tostadas BOdeFERM 500gr - OliFERM - Oli d&#039;Oliva Verge Extra</title>
<meta name="robots" content="index, follow, max-snippet:-1, max-image-preview:large, max-video-preview:-1" />
<link rel="canonical" href="https://www.oliferm.com/es/producte/almendras-tostadas-bodeferm-350gr/" />
<meta property="og:locale" content="es_ES" />
<meta property="og:type" content="article" />
<meta property="og:title" content="Almendras Tostadas BOdeFERM 500gr - OliFERM - Oli d&#039;Oliva Verge Extra" />
<meta property="og:description" content="Almendras Tostadas BOdeFERM envasadas al vacío de 500gr. Un proceso de elaboración controlado para extraer la máxima calidad, hacen de nuestras almendras un producto increíble. Almendras de categoría extra, de sabor y sabor inigualables." />
<meta property="og:url" content="https://www.oliferm.com/es/producte/almendras-tostadas-bodeferm-350gr/" />
<meta property="og:site_name" content="OliFERM - Oli d&#039;Oliva Verge Extra" />
<meta property="article:publisher" content="https://www.facebook.com/oliferm" />
<meta property="article:modified_time" content="2023-09-13T07:51:20+00:00" />
<meta property="og:image" content="https://www.oliferm.com/wp-content/uploads/2022/02/AmetllesTorrades_350g_02_1080x.jpg" />
	<meta property="og:image:width" content="1080" />
	<meta property="og:image:height" content="1080" />
	<meta property="og:image:type" content="image/jpeg" />
<meta name="twitter:card" content="summary_large_image" />
<!-- / Yoast SEO plugin. -->

Almendras Tostadas BOdeFERM envasadas al vacío de 500gr. Un proceso de elaboración controlado para extraer la máxima calidad, hacen de nuestras almendras un producto increíble. Almendras de categoría extra, de sabor y sabor inigualables.
