{"id":976,"date":"2022-05-23T08:40:30","date_gmt":"2022-05-23T08:40:30","guid":{"rendered":"https:\/\/www.oliferm.com\/producte\/vinaigre-balsamique-bodeferm-250ml\/"},"modified":"2024-03-25T16:53:25","modified_gmt":"2024-03-25T16:53:25","slug":"vinaigre-balsamique-bodeferm-250ml","status":"publish","type":"product","link":"https:\/\/www.oliferm.com\/fr\/producte\/vinaigre-balsamique-bodeferm-250ml\/","title":{"rendered":"Vinaigre balsamique BOdeFERM &#8211; 250ml"},"content":{"rendered":"<p>Id\u00e9al pour mariner les viandes, enrichir les salades ou comme base de d\u00e9licieuses r\u00e9ductions, le Vinaigre Balsamique BOdeFERM 250 ml est plus qu&rsquo;un condiment, c&rsquo;est une invitation \u00e0 explorer les saveurs riches et complexes d&rsquo;un produit artisanal. Sa pr\u00e9sentation \u00e9l\u00e9gante fait de ce vinaigre un cadeau parfait pour les gourmets ou un luxe accessible pour ajouter une touche de haute cuisine \u00e0 vos plats du quotidien.<\/p>\n","protected":false},"excerpt":{"rendered":"<p>Id\u00e9al pour mariner les viandes, enrichir les salades ou comme base de d\u00e9licieuses r\u00e9ductions, le Vinaigre Balsamique BOdeFERM 250 ml est plus qu&rsquo;un condiment, c&rsquo;est une invitation \u00e0 explorer les saveurs riches et complexes d&rsquo;un produit artisanal. Sa pr\u00e9sentation \u00e9l\u00e9gante fait de ce vinaigre un cadeau parfait pour les gourmets ou un luxe accessible pour [&hellip;]<\/p>\n","protected":false},"featured_media":977,"comment_status":"open","ping_status":"closed","template":"","meta":{"_acf_changed":false},"product_brand":[],"product_cat":[93],"product_tag":[],"class_list":{"0":"post-976","1":"product","2":"type-product","3":"status-publish","4":"has-post-thumbnail","6":"product_cat-vin-vermouth-et-vinaigre","7":"product_shipping_class-0kg-fr","9":"first","10":"instock","11":"taxable","12":"shipping-taxable","13":"purchasable","14":"product-type-simple"},"acf":[],"yoast_head":"<!-- This site is optimized with the Yoast SEO plugin v27.5 - https:\/\/yoast.com\/product\/yoast-seo-wordpress\/ -->\n<title>Vinaigre balsamique BOdeFERM - 250ml - OliFERM - Oli d&#039;Oliva Verge Extra<\/title>\n<meta name=\"description\" content=\"BOdeFERM Vinaigre Balsamique 250 ml est plus qu&#039;un condiment, c&#039;est une invitation \u00e0 explorer les saveurs riches et complexes d&#039;un produit artisanal.\" \/>\n<meta name=\"robots\" content=\"index, follow, max-snippet:-1, max-image-preview:large, max-video-preview:-1\" \/>\n<link rel=\"canonical\" href=\"https:\/\/www.oliferm.com\/fr\/producte\/vinaigre-balsamique-bodeferm-250ml\/\" \/>\n<meta property=\"og:locale\" content=\"fr_FR\" \/>\n<meta property=\"og:type\" content=\"article\" \/>\n<meta property=\"og:title\" content=\"Vinaigre balsamique BOdeFERM - 250ml - OliFERM - Oli d&#039;Oliva Verge Extra\" \/>\n<meta property=\"og:description\" content=\"BOdeFERM Vinaigre Balsamique 250 ml est plus qu&#039;un condiment, c&#039;est une invitation \u00e0 explorer les saveurs riches et complexes d&#039;un produit artisanal.\" \/>\n<meta property=\"og:url\" content=\"https:\/\/www.oliferm.com\/fr\/producte\/vinaigre-balsamique-bodeferm-250ml\/\" \/>\n<meta property=\"og:site_name\" content=\"OliFERM - Oli d&#039;Oliva Verge Extra\" \/>\n<meta property=\"article:publisher\" content=\"https:\/\/www.facebook.com\/oliferm\" \/>\n<meta property=\"article:modified_time\" content=\"2024-03-25T16:53:25+00:00\" \/>\n<meta property=\"og:image\" content=\"https:\/\/www.oliferm.com\/wp-content\/uploads\/2022\/05\/WhatsApp-Image-2022-05-23-at-10.14.56.jpeg\" \/>\n\t<meta property=\"og:image:width\" content=\"1068\" \/>\n\t<meta property=\"og:image:height\" content=\"1600\" \/>\n\t<meta property=\"og:image:type\" content=\"image\/jpeg\" \/>\n<meta name=\"twitter:card\" content=\"summary_large_image\" \/>\n<!-- \/ Yoast SEO plugin. -->","yoast_head_json":{"title":"Vinaigre balsamique BOdeFERM - 250ml - OliFERM - Oli d&#039;Oliva Verge Extra","description":"BOdeFERM Vinaigre Balsamique 250 ml est plus qu'un condiment, c'est une invitation \u00e0 explorer les saveurs riches et complexes d'un produit artisanal.","robots":{"index":"index","follow":"follow","max-snippet":"max-snippet:-1","max-image-preview":"max-image-preview:large","max-video-preview":"max-video-preview:-1"},"canonical":"https:\/\/www.oliferm.com\/fr\/producte\/vinaigre-balsamique-bodeferm-250ml\/","og_locale":"fr_FR","og_type":"article","og_title":"Vinaigre balsamique BOdeFERM - 250ml - OliFERM - Oli d&#039;Oliva Verge Extra","og_description":"BOdeFERM Vinaigre Balsamique 250 ml est plus qu'un condiment, c'est une invitation \u00e0 explorer les saveurs riches et complexes d'un produit artisanal.","og_url":"https:\/\/www.oliferm.com\/fr\/producte\/vinaigre-balsamique-bodeferm-250ml\/","og_site_name":"OliFERM - Oli d&#039;Oliva Verge Extra","article_publisher":"https:\/\/www.facebook.com\/oliferm","article_modified_time":"2024-03-25T16:53:25+00:00","og_image":[{"width":1068,"height":1600,"url":"https:\/\/www.oliferm.com\/wp-content\/uploads\/2022\/05\/WhatsApp-Image-2022-05-23-at-10.14.56.jpeg","type":"image\/jpeg"}],"twitter_card":"summary_large_image","schema":{"@context":"https:\/\/schema.org","@graph":[{"@type":"WebPage","@id":"https:\/\/www.oliferm.com\/fr\/producte\/vinaigre-balsamique-bodeferm-250ml\/","url":"https:\/\/www.oliferm.com\/fr\/producte\/vinaigre-balsamique-bodeferm-250ml\/","name":"Vinaigre balsamique BOdeFERM - 250ml - OliFERM - Oli d&#039;Oliva Verge Extra","isPartOf":{"@id":"https:\/\/www.oliferm.com\/#website"},"primaryImageOfPage":{"@id":"https:\/\/www.oliferm.com\/fr\/producte\/vinaigre-balsamique-bodeferm-250ml\/#primaryimage"},"image":{"@id":"https:\/\/www.oliferm.com\/fr\/producte\/vinaigre-balsamique-bodeferm-250ml\/#primaryimage"},"thumbnailUrl":"https:\/\/www.oliferm.com\/wp-content\/uploads\/2022\/05\/WhatsApp-Image-2022-05-23-at-10.14.56.jpeg","datePublished":"2022-05-23T08:40:30+00:00","dateModified":"2024-03-25T16:53:25+00:00","description":"BOdeFERM Vinaigre Balsamique 250 ml est plus qu'un condiment, c'est une invitation \u00e0 explorer les saveurs riches et complexes d'un produit artisanal.","breadcrumb":{"@id":"https:\/\/www.oliferm.com\/fr\/producte\/vinaigre-balsamique-bodeferm-250ml\/#breadcrumb"},"inLanguage":"fr-FR","potentialAction":[{"@type":"ReadAction","target":["https:\/\/www.oliferm.com\/fr\/producte\/vinaigre-balsamique-bodeferm-250ml\/"]}]},{"@type":"ImageObject","inLanguage":"fr-FR","@id":"https:\/\/www.oliferm.com\/fr\/producte\/vinaigre-balsamique-bodeferm-250ml\/#primaryimage","url":"https:\/\/www.oliferm.com\/wp-content\/uploads\/2022\/05\/WhatsApp-Image-2022-05-23-at-10.14.56.jpeg","contentUrl":"https:\/\/www.oliferm.com\/wp-content\/uploads\/2022\/05\/WhatsApp-Image-2022-05-23-at-10.14.56.jpeg","width":1068,"height":1600,"caption":"Flacon en verre de 250 ml d'Oliferm"},{"@type":"BreadcrumbList","@id":"https:\/\/www.oliferm.com\/fr\/producte\/vinaigre-balsamique-bodeferm-250ml\/#breadcrumb","itemListElement":[{"@type":"ListItem","position":1,"name":"Inici","item":"https:\/\/www.oliferm.com\/fr\/"},{"@type":"ListItem","position":2,"name":"Tous les produits","item":"https:\/\/www.oliferm.com\/tots-els-productes\/"},{"@type":"ListItem","position":3,"name":"Vi, vermut i vinagre","item":"https:\/\/www.oliferm.com\/categoria-producte\/vi-vermut-i-vinagre\/"},{"@type":"ListItem","position":4,"name":"Vinaigre balsamique BOdeFERM &#8211; 250ml"}]},{"@type":"WebSite","@id":"https:\/\/www.oliferm.com\/#website","url":"https:\/\/www.oliferm.com\/","name":"OliFERM - Oli d&#039;Oliva Verge Extra","description":"Cooperativa de Castelldans","publisher":{"@id":"https:\/\/www.oliferm.com\/#organization"},"potentialAction":[{"@type":"SearchAction","target":{"@type":"EntryPoint","urlTemplate":"https:\/\/www.oliferm.com\/?s={search_term_string}"},"query-input":{"@type":"PropertyValueSpecification","valueRequired":true,"valueName":"search_term_string"}}],"inLanguage":"fr-FR"},{"@type":"Organization","@id":"https:\/\/www.oliferm.com\/#organization","name":"OliFERM - Cooperativa de Castelldans","url":"https:\/\/www.oliferm.com\/","logo":{"@type":"ImageObject","inLanguage":"fr-FR","@id":"https:\/\/www.oliferm.com\/#\/schema\/logo\/image\/","url":"https:\/\/www.oliferm.com\/wp-content\/uploads\/2022\/02\/logo-ppal.png","contentUrl":"https:\/\/www.oliferm.com\/wp-content\/uploads\/2022\/02\/logo-ppal.png","width":700,"height":542,"caption":"OliFERM - Cooperativa de Castelldans"},"image":{"@id":"https:\/\/www.oliferm.com\/#\/schema\/logo\/image\/"},"sameAs":["https:\/\/www.facebook.com\/oliferm","https:\/\/www.instagram.com\/cooperativacastelldans\/"]}]}},"_links":{"self":[{"href":"https:\/\/www.oliferm.com\/fr\/wp-json\/wp\/v2\/product\/976","targetHints":{"allow":["GET"]}}],"collection":[{"href":"https:\/\/www.oliferm.com\/fr\/wp-json\/wp\/v2\/product"}],"about":[{"href":"https:\/\/www.oliferm.com\/fr\/wp-json\/wp\/v2\/types\/product"}],"replies":[{"embeddable":true,"href":"https:\/\/www.oliferm.com\/fr\/wp-json\/wp\/v2\/comments?post=976"}],"wp:featuredmedia":[{"embeddable":true,"href":"https:\/\/www.oliferm.com\/fr\/wp-json\/wp\/v2\/media\/977"}],"wp:attachment":[{"href":"https:\/\/www.oliferm.com\/fr\/wp-json\/wp\/v2\/media?parent=976"}],"wp:term":[{"taxonomy":"product_brand","embeddable":true,"href":"https:\/\/www.oliferm.com\/fr\/wp-json\/wp\/v2\/product_brand?post=976"},{"taxonomy":"product_cat","embeddable":true,"href":"https:\/\/www.oliferm.com\/fr\/wp-json\/wp\/v2\/product_cat?post=976"},{"taxonomy":"product_tag","embeddable":true,"href":"https:\/\/www.oliferm.com\/fr\/wp-json\/wp\/v2\/product_tag?post=976"}],"curies":[{"name":"wp","href":"https:\/\/api.w.org\/{rel}","templated":true}]}}

<p>Idéal pour mariner les viandes, enrichir les salades ou comme base de délicieuses réductions, le Vinaigre Balsamique BOdeFERM 250 ml est plus qu&rsquo;un condiment, c&rsquo;est une invitation à explorer les saveurs riches et complexes d&rsquo;un produit artisanal. Sa présentation élégante fait de ce vinaigre un cadeau parfait pour les gourmets ou un luxe accessible pour ajouter une touche de haute cuisine à vos plats du quotidien.</p>

<p>Idéal pour mariner les viandes, enrichir les salades ou comme base de délicieuses réductions, le Vinaigre Balsamique BOdeFERM 250 ml est plus qu&rsquo;un condiment, c&rsquo;est une invitation à explorer les saveurs riches et complexes d&rsquo;un produit artisanal. Sa présentation élégante fait de ce vinaigre un cadeau parfait pour les gourmets ou un luxe accessible pour [&hellip;]</p>

<!-- This site is optimized with the Yoast SEO plugin v27.5 - https://yoast.com/product/yoast-seo-wordpress/ -->
<title>Vinaigre balsamique BOdeFERM - 250ml - OliFERM - Oli d&#039;Oliva Verge Extra</title>
<meta name="description" content="BOdeFERM Vinaigre Balsamique 250 ml est plus qu&#039;un condiment, c&#039;est une invitation à explorer les saveurs riches et complexes d&#039;un produit artisanal." />
<meta name="robots" content="index, follow, max-snippet:-1, max-image-preview:large, max-video-preview:-1" />
<link rel="canonical" href="https://www.oliferm.com/fr/producte/vinaigre-balsamique-bodeferm-250ml/" />
<meta property="og:locale" content="fr_FR" />
<meta property="og:type" content="article" />
<meta property="og:title" content="Vinaigre balsamique BOdeFERM - 250ml - OliFERM - Oli d&#039;Oliva Verge Extra" />
<meta property="og:description" content="BOdeFERM Vinaigre Balsamique 250 ml est plus qu&#039;un condiment, c&#039;est une invitation à explorer les saveurs riches et complexes d&#039;un produit artisanal." />
<meta property="og:url" content="https://www.oliferm.com/fr/producte/vinaigre-balsamique-bodeferm-250ml/" />
<meta property="og:site_name" content="OliFERM - Oli d&#039;Oliva Verge Extra" />
<meta property="article:publisher" content="https://www.facebook.com/oliferm" />
<meta property="article:modified_time" content="2024-03-25T16:53:25+00:00" />
<meta property="og:image" content="https://www.oliferm.com/wp-content/uploads/2022/05/WhatsApp-Image-2022-05-23-at-10.14.56.jpeg" />
	<meta property="og:image:width" content="1068" />
	<meta property="og:image:height" content="1600" />
	<meta property="og:image:type" content="image/jpeg" />
<meta name="twitter:card" content="summary_large_image" />
<!-- / Yoast SEO plugin. -->

BOdeFERM Vinaigre Balsamique 250 ml est plus qu'un condiment, c'est une invitation à explorer les saveurs riches et complexes d'un produit artisanal.
